ctors of r.
2
Suppose 2*l - 6*l + 92 = 0. Let j = 33 - l. What are the prime factors of j?
2, 5
Let a = 140 + -67. What are the prime factors of a?
73
Suppose -4*w - t - 4 = 0, 5*w = -2*t - 0*t - 5. Let p be (3 + -2)/(w/(-2)). What are the prime factors of (p/6)/((-1)/(-39))?
13
Let a(s) = -s**3 + 3*s**2 + s - 2. Let o be a(2). Suppose -2*i = -i - o. List the prime factors of i.
2
Let q = -2 + 8. List the prime factors of q.
2, 3
Let g = -65 - -212. What are the prime factors of g?
3, 7
Let h be ((-2)/(-4))/((-1)/(-4)). Suppose 0 = w - 6 + h. Suppose m - w = 6. What are the prime factors of m?
2, 5
Suppose -79 = -2*q - 19. List the prime factors of q.
2, 3, 5
Suppose -33 = -3*h - 6. What are the prime factors of (-42)/h*-3 - 0?
2, 7
Suppose o = 5*c + 35, -2*c + o - 27 = 2*c. Let n(f) = f**3 + 8*f**2 - f + 5. What are the prime factors of n(c)?
13
Let r be 105/20 - (-1)/(-4). Suppose 27 = 3*o + r*m - 44, 3*m - 113 = -5*o. Suppose -a = a - o. What are the prime factors of a?
11
What are the prime factors of ((-3)/2)/((-6)/40)?
2, 5
Let n(j) = -97*j. Let k be n(-1). Suppose 0*z - z = d - 4, 3*d = 3*z - 18. Suppose p + 5*i - 25 = 0, 0*p - 3*i = -z*p + k. List the prime factors of p.
2, 5
Let x(j) = 2*j**3 - 5*j**2 + 6*j - 14. What are the prime factors of x(5)?
3, 47
Let f = 29 + -19. Suppose f = 5*w - 40. What are the prime factors of w?
2, 5
Suppose z = -3*z. Let d(s) = -s + 4. Let f be d(z). Suppose 3*p + n - 6 = f*n, -3*n - 1 = -2*p. List the prime factors of p.
5
Suppose -d + 4*x = -94, -3*d + x + 376 = d. List the prime factors of d.
2, 47
Suppose 2*s - 111 = -s. List the prime factors of s.
37
Let x = 9 + -2. Suppose -1 = -g + x. List the prime factors of g.
2
Let i(x) = x**3 + 2*x**2 - 3*x - 3. Let f be i(-3). List the prime factors of f/(-4) + (-360)/(-32).
2, 3
Suppose 5*n - 10 - 5 = 0. Suppose 15 = -3*p + n*j, -3*j + 0*j = p - 15. Suppose -t + p*t = -18. What are the prime factors of t?
2, 3
Suppose -7*k = -2*k + 40. Let i = 15 + k. What are the prime factors of i?
7
Suppose -4*q - 2*b = -14, -2*q + 0*q + 16 = -2*b. Suppose 29 = -q*w + 139. Suppose -i = i - w. What are the prime factors of i?
11
Suppose 4*c - 3*b - 108 = 0, -4*c + b + 84 = 4*b. List the prime factors of c.
2, 3
Let d be (-208)/6 + 1/(-3). Let u = 59 + d. What are the prime factors of u?
2, 3
Let t = 6 + -4. Suppose -3*h = -h - t. List the prime factors of 4 + 3 + h + 1.
3
Let k(p) = p**3 - 7*p**2 + 8*p - 8. What are the prime factors of k(7)?
2, 3
Let y be (1 - 14/6)*-3. Let v = -4 + y. What are the prime factors of 2 - (0 - 9) - v?
11
Let q(d) be the third derivative of 0*d - 1/120*d**6 - 1/2*d**3 + 1/10*d**5 + 5/12*d**4 + 0 + 4*d**2. What are the prime factors of q(7)?
2, 3
Let x(a) be the second derivative of a**5/20 - a**4/4 + 5*a**3/6 - a**2 + 3*a. List the prime factors of x(3).
13
Let l(u) = 2*u**2 + 11*u + 2. Let j be l(-8). List the prime factors of j/15 + (-2)/(-10).
3
Let x(a) = -a**2 - 13*a + 3. Let z be x(-15). Let b = z + 40. List the prime factors of b.
13
Suppose -27 = -x + 18. What are the prime factors of x?
3, 5
Let i(q) = -q - 2. Let d be i(-1). Let w = 6 + d. What are the prime factors of w?
5
Let h = -13 - -21. List the prime factors of h.
2
Let f be 1 + (51/3 - 2). Suppose 4*b + f = 5*b. What are the prime factors of b?
2
Let d(k) = -2*k - 10. Let v(y) = 8*y + 1. Let o be v(-1). Let i be d(o). Suppose 0 = 2*w - 5*m + 6, 5*w + 0*m = -i*m + 51. List the prime factors of w.
7
Suppose -3*v + 8 + 13 = 0. Suppose -3*h = -6*y + 4*y - 5, 3*h - y - v = 0. Suppose -h*q - 6 = -4*s, -q = -3*s - 0 + 7. List the prime factors of s.
3
List the prime factors of (6/9)/(2/171).
3, 19
Suppose -5*b - 2*u = -33, -5*b - 8*u + 4*u = -41. What are the prime factors of 13*2 - 15/b?
23
Let i(k) = k**2 + 11*k - 33. What are the prime factors of i(-20)?
3, 7
Let b(f) be the second derivative of -f**5/20 + 5*f**4/6 - 2*f**3/3 - 9*f**2/2 + 11*f. What are the prime factors of b(9)?
2, 3
Let x(s) = -9*s + 1. Let g be x(-1). Let b(a) = 5*a + 5. Let d(i) = -4*i - 5. Let c(y) = 6*b(y) + 7*d(y). List the prime factors of c(g).
3, 5
List the prime factors of 38/95 - (-103)/5.
3, 7
List the prime factors of (1210/25 - -3)*5.
257
Suppose -11*h + 8*h = -111. What are the prime factors of h?
37
Let m(q) be the first derivative of 2*q**3/3 - 5*q**2/2 - 2*q + 4. Let g(b) = b**3 - 7*b**2 + b - 3. Let l be g(7). What are the prime factors of m(l)?
2, 5
Let y(z) = -z**3 + 8*z**2 - z - 1. Let j be y(8). Let r(a) = 2*a**2 + 14*a + 12. Let b be r(j). Suppose -7*q + 3*q = -b. List the prime factors of q.
2, 3
Let y(o) = -11*o - 4. What are the prime factors of y(-2)?
2, 3
Suppose 3*c + c + 468 = 2*q, 0 = 5*q - c - 1170. What are the prime factors of q?
2, 3, 13
Let g(l) = 3*l - 7. Let t be g(3). Let q = 22 - t. What are the prime factors of q?
2, 5
Suppose -3*x + 2*y - 3 = -4*x, 0 = 3*x + y - 4. Let u be (4*-1)/2 + 1. What are the prime factors of (x - (9 + 0))*u?
2
Suppose 3*m = m - 36. Let s be 4/m + 47/9. Let r = s + 1. What are the prime factors of r?
2, 3
Suppose n = 4*f - 2*n + 14, 23 = -5*f + n. List the prime factors of 16 + 0 + (-5 - f).
2
Let m be 226/4 + 21/(-14). Suppose m = -j + 6*j. List the prime factors of j.
11
Suppose -s - i = -9, 3*s - 5*i = s - 3. Suppose -u + 0 = -s. Let q = u + -2. What are the prime factors of q?
2
Let q(t) be the second derivative of t**4/12 - 4*t**3/3 + 7*t**2/2 - 4*t. List the prime factors of q(8).
7
Let g(d) = -3 + 5*d**3 + 2 + 2*d**3. Suppose 4*y = l + 11, 3*l + y + 0*y = 6. List the prime factors of g(l).
2, 3
Let i be ((-3)/(-5))/(-1)*-35. Suppose -i = -5*k - 1. Suppose -m = -k*m + 9. What are the prime factors of m?
3
Let g(m) = m + 14. Let f be g(-9). Suppose 0 = -f*l - 4*w + 160, 2*l + 5*w - 6 - 75 = 0. What are the prime factors of l?
2, 7
Let r(z) = -z + 7. Let i be r(7). Suppose -5*y + 7 + 3 = i. Let n = y - -9. List the prime factors of n.
11
Let d = 70 + -6. What are the prime factors of d?
2
Let f be (-2 + 1)*(-3)/1. What are the prime factors of 2*22 - (f + 0)?
41
Suppose 5*t - 200 = -0*t. Suppose 0 = -4*d + t + 24. What are the prime factors of d?
2
Let r(l) = -l - 7. Let i be r(9). Let p = i - -26. What are the prime factors of p?
2, 5
Let h(s) = 31*s**2 + 3*s - 2. List the prime factors of h(1).
2
Suppose n - 26 = 2*u, -n - 5*u + 13 + 34 = 0. List the prime factors of n.
2
List the prime factors of (16 + (0 - 2))/1.
2, 7
Let m(s) = -s**3 + 3*s**2 - 3*s + 2. Let x be m(2). Suppose -2*p - 3*p = x. Suppose p = -5*a + 18 + 27. List the prime factors of a.
3
Suppose -240 = -2*n - 2*n. List the prime factors of n.
2, 3, 5
Let q = -35 - -99. Suppose f - q = -3*f. Let c = f + -4. What are the prime factors of c?
2, 3
Let i(s) = s - 7. Let b be i(0). What are the prime factors of 2 - (b + 3 + -1)?
7
Let a be (3/(-6))/(1/(-16)). Let d = -6 + a. What are the prime factors of d?
2
Suppose 3*m + 4*a = -53, 3*m - 7*m = 4*a + 68. Let w = -8 - m. List the prime factors of w.
7
Let l = -26 + 42. What are the prime factors of 108/l + 9/(-12)?
2, 3
Suppose 2*d = d + 2. Let p = d - -13. List the prime factors of p.
3, 5
Let r = -39 + 25. Let l = -7 - r. List the prime factors of l.
7
Let o = 9 + -2. What are the prime factors of o?
7
Suppose 2*c = 9 + 19. List the prime factors of c.
2, 7
Suppose -4*x + 80 = -4*r, -52 = -2*x - x + r. Let a = x + 17. What are the prime factors of a?
3, 11
Let f(p) = -p**2 - 4*p + 5. Let a be f(-5). List the prime factors of 56 - (a + -1) - 1.
2, 7
Suppose 32 = 2*c + 4*v, -20 = -6*v + 2*v. Let x(g) be the third derivative of g**6/120 - g**5/10 + 4*g**3/3 - 9*g**2. What are the prime factors of x(c)?
2
Let d(w) = 13*w**2 + 2*w - 1. Let z be d(1). Let i = -2 + z. List the prime factors of i*(2 - (-9)/(-6)).
2, 3
Let h be 4/16 - 2/8. Let u be 2 - (-1 + 3 - h). Suppose -p = -u*p - 12. What are the prime factors of p?
2, 3
Let r = -126 - -177. Suppose -5*w + 2*w = -r. What are the prime factors of w?
17
Let h(y) = y**2 + y + 92. Let o be h(0). Suppose -5*i + s = -o, i - 2*s = 27 - 5. List the prime factors of i.
2, 3
Suppose -5*z - 32 = 8. Let d be z/10*(-15)/6. What are the prime factors of 11 - (1 - 1)/d?
11
Let w be 3*-1*(-12)/(-18). Let v be 4 + w + 17 + 1. Suppose 2*l + v = 52. List the prime factors of l.
2
Let u = -1 